{"id":2,"date":"2020-06-03T21:38:06","date_gmt":"2020-06-03T21:38:06","guid":{"rendered":"https:\/\/essentials.pixfort.com\/corporate\/?page_id=2"},"modified":"2023-08-27T22:48:20","modified_gmt":"2023-08-27T20:48:20","slug":"o-nas","status":"publish","type":"page","link":"https:\/\/poznanskamanufakturarolet.pl\/index.php\/o-nas\/","title":{"rendered":"O nas"},"content":{"rendered":"\t\t<div data-elementor-type=\"wp-page\" data-elementor-id=\"2\" class=\"elementor elementor-2\">\n\t\t\t\t\t\t\t\t\t<section class=\"elementor-section elementor-top-section elementor-element elementor-element-b96beee elementor-section-boxed elementor-section-height-default elementor-section-height-default\" data-id=\"b96beee\" data-element_type=\"section\">\n\t\t\t\t\t\t<div class=\"elementor-container elementor-column-gap-default\">\n\t\t\t\t\t<div class=\"elementor-column elementor-col-100 elementor-top-column elementor-element elementor-element-8cd34eb\" data-id=\"8cd34eb\" data-element_type=\"column\">\n\t\t\t<div class=\"elementor-widget-wrap elementor-element-populated\">\n\t\t\t\t\t\t\t\t<div class=\"elementor-element elementor-element-d6cff04 elementor-widget elementor-widget-heading\" data-id=\"d6cff04\" data-element_type=\"widget\" data-widget_type=\"heading.default\">\n\t\t\t\t<div class=\"elementor-widget-container\">\n\t\t\t<h4 class=\"elementor-heading-title elementor-size-default\">Kim jeste\u015bmy?<\/h4>\t\t<\/div>\n\t\t\t\t<\/div>\n\t\t\t\t\t<\/div>\n\t\t<\/div>\n\t\t\t\t\t\t\t<\/div>\n\t\t<\/section>\n\t\t\t\t<section class=\"elementor-section elementor-top-section elementor-element elementor-element-eacb8d9 elementor-section-boxed elementor-section-height-default elementor-section-height-default\" data-id=\"eacb8d9\" data-element_type=\"section\">\n\t\t\t\t\t\t<div class=\"elementor-container elementor-column-gap-default\">\n\t\t\t\t\t<div class=\"elementor-column elementor-col-100 elementor-top-column elementor-element elementor-element-7db4416\" data-id=\"7db4416\" data-element_type=\"column\">\n\t\t\t<div class=\"elementor-widget-wrap elementor-element-populated\">\n\t\t\t\t\t\t\t\t<div class=\"elementor-element elementor-element-fcf3c05 elementor-widget elementor-widget-text-editor\" data-id=\"fcf3c05\" data-element_type=\"widget\" data-widget_type=\"text-editor.default\">\n\t\t\t\t<div class=\"elementor-widget-container\">\n\t\t\t\t\t\t\t<p style=\"text-align: center;\">Jeste\u015bmy bezpo\u015brednim producentem os\u0142on okiennych, specjalizujemy si\u0119 w kompleksowej dekoracji okien, sprzeda\u017cy hurtowej oraz detalicznej. Oferujemy indywidualn\u0105 pomoc, praktyczne porady, pomiar, monta\u017c oraz serwis przez do\u015bwiadczonych specjalist\u00f3w. Nasze wieloletnie do\u015bwiadczenie pomaga nam dopasowa\u0107 ofert\u0119 do potrzeb klienta. Gwarantujemy szybkie terminy realizacji, konkurencyjne ceny oraz gwarancj\u0119 rzetelno\u015bci. Dzi\u0119ki wsp\u00f3\u0142pracy z innymi producentami, jeste\u015bmy w stanie zaspokoi\u0107 wymagania naszych Klient\u00f3w, nawet najbardziej wymagaj\u0105cych.<\/p>\t\t\t\t\t\t<\/div>\n\t\t\t\t<\/div>\n\t\t\t\t\t<\/div>\n\t\t<\/div>\n\t\t\t\t\t\t\t<\/div>\n\t\t<\/section>\n\t\t\t\t<section class=\"elementor-section elementor-top-section elementor-element elementor-element-6c8fe83 elementor-section-boxed elementor-section-height-default elementor-section-height-default\" data-id=\"6c8fe83\" data-element_type=\"section\">\n\t\t\t\t\t\t<div class=\"elementor-container elementor-column-gap-default\">\n\t\t\t\t\t<div class=\"elementor-column elementor-col-100 elementor-top-column elementor-element elementor-element-acc58ed\" data-id=\"acc58ed\" data-element_type=\"column\">\n\t\t\t<div class=\"elementor-widget-wrap elementor-element-populated\">\n\t\t\t\t\t\t\t\t<div class=\"elementor-element elementor-element-467d930 elementor-widget elementor-widget-spacer\" data-id=\"467d930\" data-element_type=\"widget\" data-widget_type=\"spacer.default\">\n\t\t\t\t<div class=\"elementor-widget-container\">\n\t\t\t\t\t<div class=\"elementor-spacer\">\n\t\t\t<div class=\"elementor-spacer-inner\"><\/div>\n\t\t<\/div>\n\t\t\t\t<\/div>\n\t\t\t\t<\/div>\n\t\t\t\t\t<\/div>\n\t\t<\/div>\n\t\t\t\t\t\t\t<\/div>\n\t\t<\/section>\n\t\t\t\t\t\t\t<\/div>\n\t\t","protected":false},"excerpt":{"rendered":"<p>Kim jeste\u015bmy? Jeste\u015bmy bezpo\u015brednim producentem os\u0142on okiennych, specjalizujemy si\u0119 w kompleksowej dekoracji okien, sprzeda\u017cy hurtowej oraz detalicznej. Oferujemy indywidualn\u0105 pomoc, praktyczne porady, pomiar, monta\u017c oraz serwis przez do\u015bwiadczonych specjalist\u00f3w. Nasze wieloletnie do\u015bwiadczenie pomaga nam dopasowa\u0107 ofert\u0119 do potrzeb klienta. Gwarantujemy&#8230;<\/p>\n","protected":false},"author":3,"featured_media":0,"parent":0,"menu_order":0,"comment_status":"closed","ping_status":"open","template":"","meta":{"footnotes":""},"_links":{"self":[{"href":"https:\/\/poznanskamanufakturarolet.pl\/index.php\/wp-json\/wp\/v2\/pages\/2"}],"collection":[{"href":"https:\/\/poznanskamanufakturarolet.pl\/index.php\/wp-json\/wp\/v2\/pages"}],"about":[{"href":"https:\/\/poznanskamanufakturarolet.pl\/index.php\/wp-json\/wp\/v2\/types\/page"}],"author":[{"embeddable":true,"href":"https:\/\/poznanskamanufakturarolet.pl\/index.php\/wp-json\/wp\/v2\/users\/3"}],"replies":[{"embeddable":true,"href":"https:\/\/poznanskamanufakturarolet.pl\/index.php\/wp-json\/wp\/v2\/comments?post=2"}],"version-history":[{"count":48,"href":"https:\/\/poznanskamanufakturarolet.pl\/index.php\/wp-json\/wp\/v2\/pages\/2\/revisions"}],"predecessor-version":[{"id":14559,"href":"https:\/\/poznanskamanufakturarolet.pl\/index.php\/wp-json\/wp\/v2\/pages\/2\/revisions\/14559"}],"wp:attachment":[{"href":"https:\/\/poznanskamanufakturarolet.pl\/index.php\/wp-json\/wp\/v2\/media?parent=2"}],"curies":[{"name":"wp","href":"https:\/\/api.w.org\/{rel}","templated":true}]}}